34297
Convert -755c13 (base 16) to base 3.
-112110202110100
What is 12b009 (base 12) in base 6?
10344013
Convert -213021110 (base 4) to base 8.
-471124
Convert 1325221330 (base 6) to base 13.
33b8c7a
What is -51432 (base 11) in base 7?
-431551
252121 (base 6) to base 3
1010212211
-21344232 (base 5) to base 11
-116531
50617756 (base 8) to base 4
220301333232
66632465 (base 7) to base 11
3281732
What is 12310614 (base 7) in base 4?
10033132200
50463110 (base 7) to base 8
20013762
What is d4683 (base 16) in base 7?
10252333
Convert 456 (base 9) to base 10.
375
-201220012001 (base 3) to base 11
-248249
What is 7829 (base 12) in base 7?
53502
Convert -381171 (base 12) to base 3.
-1201110020111
21406776 (base 8) to base 16
460dfe
Convert -1a8a2 (base 11) to base 14.
-a819
23324002 (base 5) to base 11
136a75
1ba85b3 (base 12) to base 9
12161220
1111111010100101 (base 2) to base 10
65189
-1000500 (base 6) to base 15
-dd26
-12202211200 (base 3) to base 14
-2d58b
What is -38c48 (base 15) in base 12?
-8914b
Convert 219c982 (base 13) to base 5.
10114404301
What is 24225263 (base 7) in base 13?
5a72c8
471636 (base 8) to base 5
20120140
What is -1013034422 (base 5) in base 10?
-2080612
What is 664664 (base 9) in base 13?
10b9a9
What is 7444685 (base 9) in base 10?
3986006
Convert -111000101110100100111 (base 2) to base 5.
-433440410
3a2b (base 13) to base 7
33152
Convert 13001040 (base 5) to base 3.
20100200000
1000100111100011001110 (base 2) to base 3
11020202222020
Convert -1269065 (base 12) to base 3.
-20211002202212
36998 (base 10) to base 16
9086
What is 165aa7 (base 11) in base 14?
69887
Convert -1101010011001010000 (base 2) to base 11.
-278465
2877a (base 16) to base 14
44598
What is -111111100101010010 (base 2) in base 4?
-333211102
276932 (base 10) to base 15
570c2
412a60 (base 12) to base 2
11111001010001101000
Convert 11001001001001 (base 2) to base 4.
3021021
11100110011001011101 (base 2) to base 11
595028
What is 41387 (base 14) in base 9?
258462
20042000 (base 5) to base 2
100110110100011000
629aa (base 11) to base 9
148727
What is -162263 (base 11) in base 13?
-8a848
-146998 (base 15) to base 9
-1760168
1d493e (base 16) to base 14
37d646
2145025 (base 6) to base 3
12110021122
What is 11121101202021 (base 3) in base 12?
9a0b81
What is -9118c (base 14) in base 6?
-11250504
What is -1001101100000100001 (base 2) in base 9?
-533437
What is 1645464 (base 8) in base 11?
2a714a
-762062 (base 8) to base 9
-427742
Convert -243424301 (base 6) to base 12.
-1685091
What is -10000111001010011 (base 2) in base 13?
-25664
What is f55c (base 16) in base 3?
10012011101
-6aa19 (base 12) to base 9
-237333
Convert 3f43b3 (base 16) to base 15.
56d719
What is -1011323310 (base 4) in base 3?
-112112221100
What is 121112010001 (base 4) in base 14?
c4d3b3
What is -532145 (base 6) in base 15?
-cc45
-1178160 (base 9) to base 14
-12a168
Convert -6e8d0 (base 15) to base 14.
-928dd
Convert 110101232 (base 4) to base 3.
11012221002
1a42ce (base 16) to base 6
100515434
Convert -10011011110010010111 (base 2) to base 5.
-130404403
What is -34323 (base 13) in base 6?
-2011503
What is 271430 (base 8) in base 4?
113030120
Convert -240023243 (base 5) to base 11.
-689032
What is 3239f (base 16) in base 14?
54d8b
What is -b00a0 (base 12) in base 6?
-4520320
Convert 636366 (base 10) to base 8.
2332716
Convert 100212111121111 (base 3) to base 4.
110000222200
-2227912 (base 10) to base 12
-8b5374
What is -20120311100 (base 4) in base 8?
-10306520
What is -3686 (base 15) in base 7?
-45552
Convert 112102120021 (base 3) to base 7.
2261653
101214111 (base 5) to base 6
12511024
-13122123110 (base 4) to base 3
-10122201122022
Convert 169a864 (base 11) to base 5.
1214241414
What is -363cae (base 16) in base 7?
-42132624
9edc7 (base 15) to base 10
505987
-953c0b (base 16) to base 9
-20355857
29a8a3 (base 11) to base 9
783301
Convert -e084 (base 15) to base 11.
-32658
What is -393080 (base 11) in base 10?
-619003
What is -2848433 (base 9) in base 13?
-42b748
-1904212 (base 11) to base 5
-1311222344
-24600 (base 10) to base 2
-110000000011000
Convert -17477 (base 11) to base 6.
-305314
736ee (base 15) to base 16
595fa
What is -11001011101011111 (base 2) in base 7?
-613021
-15b71 (base 12) to base 15
-92ea
Convert 11122110211 (base 3) to base 4.
112111033
Convert -37a50b (base 15) to base 7.
-31446431
110001000011000101 (base 2) to base 5
22412101
Convert -67128 (base 11) to base 3.
-11221111020
Convert -367278b (base 12) to base 16.
-a1c0db
Convert -a51b6 (base 13) to base 3.
-120002021210
1541160 (base 10) to base 12
623a60
Convert 1001011000110111100001 (base 2) to base 5.
1112224103
What is -17686 (base 9) in base 4?
-2333010
What is -3231221133 (base 4) in base 7?
-11162631
Convert 11010111011111100011 (base 2) to base 4.
3113133203
-362597 (base 10) to base 15
-72682
2220001302 (base 4) to base 16
a8072
10940d (base 16) to base 11
682317
-3bc118 (base 13) to base 4
-11203020030
48551 (base 13) to base 10
132731
What is 2050737 (base 8) in base 5?
114421442
Convert 723458 (base 12) to base 3.
10100220012212
What is 593391 (base 11) in base 6?
32102412
3361510 (base 7) to base 10
418369
51ba2 (base 16) to base 11
209562
What is -1730833 (base 9) in base 12?
-3a6649
What is 105234453 (base 7) in base 15?
864e49
-136690b (base 13) to base 9
-12467310
What is 13130032 (base 4) in base 13?
10b46
-2cd02 (base 14) to base 16
-1b6b6
What is -14231302 (base 6) in base 15?
-9916b
170246 (base 16) to base 10
1507910
What is -47276 (base 12) in base 15?
-1d413
10010101001000101111101 (base 2) to base 4
102221011331
Convert a9889 (base 11) to base 15.
323a4
What is -710849 (base 10) in base 2?
-10101101100011000001
What is -3325344 (base 6) in base 2?
-101000110011000000
2230415 (base 7) to base 16
43763
146154136 (base 7) to base 2
100101010111011000110111
What is -18390 (base 10) in base 2?
-100011111010110
What is -102212122121110 (base 3) in base 4?
-120010313211
What is -482826 (base 11) in base 16?
-bac3e
-1000012112121 (base 3) to base 7
-4360111
-200202002102 (base 3) to base 6
-11524015
What is 1a4186 (base 14) in base 10?
933274
Convert 4d416 (base 16) to base 14.
8346a
What is -190cb (base 15) in base 2?
-10011110100100111
What is 67a44 (base 12) in base 8?
415424
-220640 (base 9) to base 5
-13203432
1221310011 (base 4) to base 10
433413
100001110011011111 (base 2) to base 8
416337
1477647 (base 13) to base 10
6528360
2121122212 (base 3) to base 5
3122022
What is 4674501 (base 12) in base 2?
110011110101110011010001
Convert -4b72 (base 14) to base 11.
-9a3a
56376 (base 14) to base 16
33154
Convert -124013020 (base 5) to base 16.
-95051
Convert -402a4 (base 12) to base 14.
-22540
What is -11111010101100011101110 (base 2) in base 13?
-1918111
What is -4154522 (base 8) in base 16?
-10d952
Convert 116146402 (base 7) to base 10.
7322905
3642547 (base 9) to base 14
396579
Convert -10001100001110000 (base 2) to base 9.
-118428
What is 52405432 (base 6) in base 12?
616878
Convert 3277428 (base 9) to base 12.
710875
What is 2123525 (base 6) in base 12?
505a5
1121022111 (base 4) to base 8
1311225
What is 303319 (base 12) in base 5?
143032013
5a81 (base 15) to base 16
4b2e
Convert 10110000100001110 (base 2) to base 8.
260416
214485 (base 9) to base 8
371750
Convert -1001011010001101110 (base 2) to base 3.
-120122221210
Convert -32126 (base 7) to base 11.
-5a85
Convert -32002405 (base 6) to base 7.
-10636106
What is -9c23bd (base 15) in base 7?
-120214411
1899a27 (base 11) to base 5
1310024311
What is 10001110101110111011100 (base 2) in base 6?
244125100
Convert -135502 (base 7) to base 4.
-12111310
52331303 (base 6) to base 16
173397
What is 120221201020222 (base 3) in base 9?
16851228
Convert 1104532 (base 9) to base 10.
593840
What is 65418a (base 13) in base 4?
21010331302
What is 1277115 (base 8) in base 3?
200021211211
Convert -1002234103 (base 5) to base 15.
-2957d8
Convert -112220202000 (base 3) to base 14.
-78dd4
Convert -985275 (base 10) to base 11.
-613285
-22210021201 (base 3) to base 15
-363c1
Convert -21020202002 (base 3) to base 9.
-236662
Convert ba968 (base 12) to base 16.
3c3e0
Convert -537966 (base 10) to base 7.
-4400262
366135 (base 7) to base 10
66960
Convert -12111212010222 (ba